22*v**2 + 19*v + 48. Let u be h(23). Let z = -2 - u. What is the greatest common divisor of 42 and z?
42
Suppose o = 0, -108 = -6*t - 4*o + 156. Calculate the highest common factor of t and 1199.
11
Let p(h) = -2*h - 12. Let d be p(-7). Suppose 0 = -d*w + 7*w - 5. Let c be 0 - w - (-1)/((-4)/(-48)). What is the greatest common factor of c and 22?
11
Let r(w) = w**3 - 15*w**2 - 13*w - 38. Let b be 4/5*(-5)/10*-40. Let p be r(b). Let x = 70 + -45. Calculate the highest common divisor of x and p.
5
Suppose 3*p = 2*p + 7. Let z(q) = 2*q**3 + 12*q**2 + 53*q + 229. Let m be z(-5). Calculate the highest common factor of p and m.
7
Suppose 392*u = 373*u + 18031. Calculate the highest common divisor of 52 and u.
13
Suppose 142*n + n - 686 = 91692. Calculate the highest common divisor of 114 and n.
38
Suppose -84*m + 107*m = 88994 + 16254. What is the greatest common divisor of m and 224?
32
Let q = -3723 - -4005. Calculate the greatest common divisor of 3525 and q.
141
Let h be (-12201)/166*48/(-14). Calculate the greatest common factor of h and 324.
36
Let v = 1 - -7. Let z be (-2)/(-7) + (-6728)/28. Let j be (-3)/(((-6)/z)/(2/(-6))). Calculate the highest common divisor of v and j.
8
Suppose -12 = 9*l + 15. Let n be (-77)/l + (-4)/(-8 + -4). What is the greatest common factor of 247 and n?
13
Suppose 0 = 4*a + 5*z - 3461 + 862, 5*z = -3*a + 1943. What is the greatest common factor of 943 and a?
41
Let f be 0 + (-1)/3 + (-316910)/(-33). Calculate the greatest common divisor of f and 198.
99
Suppose -5*a - 12 = -a. Let d be a/(12/8) - (-6)/6. Let x(g) = 9*g**2 - 4*g - 5. Let n be x(d). What is the greatest common divisor of 12 and n?
4
Let t be 5/((-70)/(-12))*7. Let z be (-4)/(-2) + t*2. Suppose 34*i - 32*i = -75*i + 4312. What is the highest common divisor of i and z?
14
Let g be 5/(-5)*(9/(-3))/3. Let i be (-45 - -57)*g*23. What is the greatest common factor of 12 and i?
12
Let z = -9551 + 11656. What is the highest common divisor of z and 10?
5
Let x be 58*(-6)/(2/1 + -4). Suppose 2*f + 2*w - 77 = 29, 5*f - 315 = 5*w. Calculate the greatest common divisor of f and x.
58
Let v be 9/2*1122/153. Let n be v/22*16/(-6) - -84. Calculate the greatest common divisor of n and 30.
10
Let a(u) = -u**2 + 111*u + 434. Let b be a(48). What is the greatest common divisor of b and 728?
182
Suppose 81*w - 5189 = -1787. Calculate the highest common factor of 231 and w.
21
Let r(m) = -1540*m - 383. Let d be r(-2). Calculate the highest common factor of d and 93.
93
Let n = 3938 + -3893. Suppose 3*f + 114 = -3*t + 423, 3*f + 321 = 3*t. Calculate the highest common factor of n and t.
15
Let w be (0 - 4)*(-5)/20 - -4. Suppose 5*z + w*p = -31 + 386, -2*z + p = -157. What is the greatest common divisor of 57 and z?
19
Suppose -23 = -2*f - 49. Let i(k) = -18*k - 174. Let d be i(f). What is the greatest common divisor of d and 15?
15
Let o(t) = 6*t + 22. Let h be o(-4). Let q be 3/h*60/(-18). What is the highest common factor of q and 20?
5
Let a(u) = 14*u - 70. Let b be a(10). Let w be b*(-10)/(-4) - -5. What is the greatest common divisor of 40 and w?
20
Suppose -116 = -48*j + 10396. Calculate the highest common factor of 11680 and j.
73
Let u be (-70)/4*(-4)/(-5). Let c = u + 40. Let i be (-22 - 2004/(-27)) + -2 + (-48)/(-27). What is the highest common divisor of i and c?
26
Suppose -l + 4*a = -11, -655*l + 650*l = 3*a - 78. What is the greatest common divisor of 432 and l?
3
Let m(h) = -h**3 - 68*h**2 + 268*h + 699. Let x be m(-72). What is the highest common divisor of x and 62?
31
Let f = -105 - -114. Let k be 14397*f/351 + 4/(-26). What is the highest common divisor of 41 and k?
41
Let h(n) = -2*n**3 - 10*n**2 - 54*n - 6. Let r be h(-6). Let u = r + -362. Calculate the greatest common divisor of u and 105.
7
Let g(x) = x**3 - 9*x**2 - 35*x + 218. Let s be g(12). Calculate the highest common divisor of s and 276.
46
Let p be ((-8358)/(-20) - 2) + -6*(-13)/780. Calculate the highest common factor of p and 494.
26
Let q = -25 - -41. Let l(p) = 13*p + p + 8*p + 17*p - 28*p + 13. Let c be l(1). Calculate the greatest common divisor of c and q.
8
Let x = -4537 - -4565. What is the highest common divisor of 20538 and x?
14
Let g = 153 + -115. Suppose g - 46 = 2*v. Let s be (-33)/(2 - (-9)/v). What is the highest common factor of s and 12?
12
Let c = -1764 + 1819. Suppose 4*v = 123 + 141. What is the greatest common factor of c and v?
11
Suppose -3*t + 3*f + 24 = -2*t, -2*f - 2 = 0. Suppose 0 = 2*h - 3*x - 9, 0*x - 2*x - 14 = -4*h. What is the highest common divisor of t and h?
3
Suppose 2*b + 0*b - 14 = 0. Let l = b + -5. Suppose 81*g - 476 = -233. What is the highest common factor of g and l?
1
Let v(u) = 18*u**2 + 2*u + 2. Let y be v(-2). Let d(f) = f + 3. Let w be d(4). Suppose 6*t - 364 = -w*t. What is the highest common factor of t and y?
14
Suppose 2*k + 3*u - 19 = 0, 6*k - k + 4*u = 37. Suppose -k*w = 5*i - 155, -2*w - 3*i = -4*w + 82. What is the highest common factor of w and 5?
5
Let g(o) = -7*o**3 - 2*o**2 + 2*o + 4. Let h be g(-2). Suppose -993*i + 972*i + 2520 = 0. Calculate the highest common divisor of i and h.
24
Let n(b) = -b**3 - 9*b**2 - 12*b - 10. Suppose 0*j + 4*p + 4 = -3*j, -j + 2*p = 18. Let f be n(j). What is the greatest common divisor of 77 and f?
11
Let y(d) = d**3 - 6*d**2 - 3*d - 17. Let r be y(7). Suppose -3*u - r + 44 = 0. Calculate the greatest common divisor of 99 and u.
11
Let v be 1552/6*21/28. Suppose -22 - 34 = -k + 3*b, 4*k + 3*b - v = 0. Let n = -17 - -37. Calculate the greatest common factor of k and n.
10
Suppose -5*g - 5*p + 203 + 227 = 0, p - 6 = 0. What is the greatest common factor of 16040 and g?
40
Let h = -1617 - -1634. Calculate the highest common factor of 799 and h.
17
Suppose 2*r + 4*n - 3026 = 0, 25*r = 27*r - 4*n - 3042. What is the highest common factor of r and 41?
41
Suppose -3*k - 3*x = -816, k - 7*x - 280 = -10*x. Calculate the highest common factor of k and 1809.
67
Suppose 96*f - 68636 = 597 + 367. What is the highest common divisor of 464 and f?
29
Let w be 7891 - (169/13 + -20). What is the greatest common divisor of 44 and w?
22
Suppose 0*g - 14 = -g. Let o(t) = -4*t**3 + 24*t**2 - 154*t + 740. Let j be o(5). What is the greatest common divisor of j and g?
14
Suppose 263*f - 267*f + 613 = 5*k, 5*k - 3*f = 564. What is the highest common divisor of k and 8307?
117
Suppose -4*p + 2*h = -30, -5*p = 3*h + h - 57. Let v = p + -2. Suppose 333 = v*j + 102. What is the greatest common factor of j and 3?
3
Suppose 0*j + 4*j + 2*o = 32, 3*o - 20 = -2*j. Suppose 0 = j*i - 8*i + 2. What is the highest common factor of 128 and i?
2
Let i be -1*(2 - 2246/6) - 10/(-6). Calculate the highest common factor of i and 561.
187
Let d be ((-84)/(-63))/((-24)/(-2232)). Calculate the highest common divisor of 682 and d.
62
Suppose 5*x - 28 = 22. Let f be (32 - x)*2/4. Suppose 9*s + 54 = f*s. What is the highest common divisor of 3 and s?
3
Suppose -25*i + 27*i = f - 26, f - 4*i - 34 = 0. Calculate the greatest common divisor of f and 1476.
18
Suppose -15*x - 984 = -2949. Suppose 0 = -3*z + x + 73. Calculate the highest common factor of z and 170.
34
Suppose f - 70 = -0*f. Let m be 100/5*1 - 8. Suppose -m*g + 2683 = 583. Calculate the greatest common factor of f and g.
35
Let v be (-4)/10 + 1833/195 - -35. Let b be 24/(-1 + (-5)/(-2)). Suppose -t + b = 3*t. Calculate the highest common divisor of v and t.
4
Let k = -884 + 974. Calculate the greatest common factor of k and 225.
45
Let q(g) = -3*g**3 + 36*g**2 - 56*g + 259. Let f be q(11). Calculate the greatest common factor of 1372 and f.
2
Suppose 3*d - d - 55 = -5*m, 0 = 5*m + 5. Let s be 8*(12/6)/(8 - 0). Suppose t + s*v = 92, -v = 5*t - 0*v - 451. Calculate the highest common factor of d and t.
30
Suppose 5*b - 691 = 5*a - 91, 2*b - 3*a = 244. Calculate the greatest common divisor of b and 9628.
116
Let m = -7319 + 7328. Calculate the highest common factor of 477 and m.
9
Let q(a) = 4 - 3 + 17 + 35*a + 0*a**2 - 3*a**2. Let v be q(12). Calculate the highest common factor of 26 and v.
2
Let x(y) = 14*y**2 + 4*y - 3. Let f(t) = 15*t**2 + 5*t - 4. Let c(o) = -4*f(o) + 5*x(o). Let r be c(2). Calculate the greatest common factor of r and 697.
41
Suppose 50 = 20*y - 50. Let t(z) = 